{"id":596,"date":"2023-10-17T14:57:20","date_gmt":"2023-10-17T14:57:20","guid":{"rendered":"https:\/\/jjk.merioscloud.de\/?page_id=596"},"modified":"2023-12-22T09:34:47","modified_gmt":"2023-12-22T09:34:47","slug":"aufwendungsersatz","status":"publish","type":"page","link":"https:\/\/jjk.merioscloud.de\/index.php\/aufwendungsersatz\/","title":{"rendered":"Aufwendungsersatz"},"content":{"rendered":"\t\t<div data-elementor-type=\"wp-page\" data-elementor-id=\"596\" class=\"elementor elementor-596\">\n\t\t\t\t\t\t\t<div class=\"elementor-element elementor-element-413499ed e-flex e-con-boxed e-con e-child\" data-id=\"413499ed\" data-element_type=\"container\" data-settings=\"{&quot;container_type&quot;:&quot;flex&quot;,&quot;content_width&quot;:&quot;boxed&quot;}\">\n\t\t\t\t\t<div class=\"e-con-inner\">\n\t\t\t\t<div class=\"elementor-element elementor-element-7fee62b4 elementor-widget__width-inherit elementor-widget-divider--view-line elementor-invisible elementor-widget elementor-widget-divider\" data-id=\"7fee62b4\" data-element_type=\"widget\" data-settings=\"{&quot;_animation&quot;:&quot;fadeInLeft&quot;}\" data-widget_type=\"divider.default\">\n\t\t\t\t<div class=\"elementor-widget-container\">\n\t\t\t<style>\/*! elementor - v3.16.0 - 09-10-2023 *\/\n.elementor-widget-divider{--divider-border-style:none;--divider-border-width:1px;--divider-color:#0c0d0e;--divider-icon-size:20px;--divider-element-spacing:10px;--divider-pattern-height:24px;--divider-pattern-size:20px;--divider-pattern-url:none;--divider-pattern-repeat:repeat-x}.elementor-widget-divider .elementor-divider{display:flex}.elementor-widget-divider .elementor-divider__text{font-size:15px;line-height:1;max-width:95%}.elementor-widget-divider .elementor-divider__element{margin:0 var(--divider-element-spacing);flex-shrink:0}.elementor-widget-divider .elementor-icon{font-size:var(--divider-icon-size)}.elementor-widget-divider .elementor-divider-separator{display:flex;margin:0;direction:ltr}.elementor-widget-divider--view-line_icon .elementor-divider-separator,.elementor-widget-divider--view-line_text .elementor-divider-separator{align-items:center}.elementor-widget-divider--view-line_icon .elementor-divider-separator:after,.elementor-widget-divider--view-line_icon .elementor-divider-separator:before,.elementor-widget-divider--view-line_text .elementor-divider-separator:after,.elementor-widget-divider--view-line_text .elementor-divider-separator:before{display:block;content:\"\";border-bottom:0;flex-grow:1;border-top:var(--divider-border-width) var(--divider-border-style) var(--divider-color)}.elementor-widget-divider--element-align-left .elementor-divider .elementor-divider-separator>.elementor-divider__svg:first-of-type{flex-grow:0;flex-shrink:100}.elementor-widget-divider--element-align-left .elementor-divider-separator:before{content:none}.elementor-widget-divider--element-align-left .elementor-divider__element{margin-left:0}.elementor-widget-divider--element-align-right .elementor-divider .elementor-divider-separator>.elementor-divider__svg:last-of-type{flex-grow:0;flex-shrink:100}.elementor-widget-divider--element-align-right .elementor-divider-separator:after{content:none}.elementor-widget-divider--element-align-right .elementor-divider__element{margin-right:0}.elementor-widget-divider:not(.elementor-widget-divider--view-line_text):not(.elementor-widget-divider--view-line_icon) .elementor-divider-separator{border-top:var(--divider-border-width) var(--divider-border-style) var(--divider-color)}.elementor-widget-divider--separator-type-pattern{--divider-border-style:none}.elementor-widget-divider--separator-type-pattern.elementor-widget-divider--view-line .elementor-divider-separator,.elementor-widget-divider--separator-type-pattern:not(.elementor-widget-divider--view-line) .elementor-divider-separator:after,.elementor-widget-divider--separator-type-pattern:not(.elementor-widget-divider--view-line) .elementor-divider-separator:before,.elementor-widget-divider--separator-type-pattern:not([class*=elementor-widget-divider--view]) .elementor-divider-separator{width:100%;min-height:var(--divider-pattern-height);-webkit-mask-size:var(--divider-pattern-size) 100%;mask-size:var(--divider-pattern-size) 100%;-webkit-mask-repeat:var(--divider-pattern-repeat);mask-repeat:var(--divider-pattern-repeat);background-color:var(--divider-color);-webkit-mask-image:var(--divider-pattern-url);mask-image:var(--divider-pattern-url)}.elementor-widget-divider--no-spacing{--divider-pattern-size:auto}.elementor-widget-divider--bg-round{--divider-pattern-repeat:round}.rtl .elementor-widget-divider .elementor-divider__text{direction:rtl}.e-con-inner>.elementor-widget-divider,.e-con>.elementor-widget-divider{width:var(--container-widget-width,100%);--flex-grow:var(--container-widget-flex-grow)}<\/style>\t\t<div class=\"elementor-divider\">\n\t\t\t<span class=\"elementor-divider-separator\">\n\t\t\t\t\t\t<\/span>\n\t\t<\/div>\n\t\t\t\t<\/div>\n\t\t\t\t<\/div>\n\t\t\t\t<div class=\"elementor-element elementor-element-591961b4 elementor-widget__width-initial elementor-widget-tablet__width-inherit elementor-widget elementor-widget-heading\" data-id=\"591961b4\" data-element_type=\"widget\" data-widget_type=\"heading.default\">\n\t\t\t\t<div class=\"elementor-widget-container\">\n\t\t\t<style>\/*! elementor - v3.16.0 - 09-10-2023 *\/\n.elementor-heading-title{padding:0;margin:0;line-height:1}.elementor-widget-heading .elementor-heading-title[class*=elementor-size-]>a{color:inherit;font-size:inherit;line-height:inherit}.elementor-widget-heading .elementor-heading-title.elementor-size-small{font-size:15px}.elementor-widget-heading .elementor-heading-title.elementor-size-medium{font-size:19px}.elementor-widget-heading .elementor-heading-title.elementor-size-large{font-size:29px}.elementor-widget-heading .elementor-heading-title.elementor-size-xl{font-size:39px}.elementor-widget-heading .elementor-heading-title.elementor-size-xxl{font-size:59px}<\/style><h2 class=\"elementor-heading-title elementor-size-default\">Aufwendungs&shy;ersatz<\/h2>\t\t<\/div>\n\t\t\t\t<\/div>\n\t\t\t\t<div class=\"elementor-element elementor-element-1f7e1b1f elementor-widget__width-initial elementor-widget-tablet__width-inherit elementor-widget elementor-widget-text-editor\" data-id=\"1f7e1b1f\" data-element_type=\"widget\" data-widget_type=\"text-editor.default\">\n\t\t\t\t<div class=\"elementor-widget-container\">\n\t\t\t<style>\/*! elementor - v3.16.0 - 09-10-2023 *\/\n.elementor-widget-text-editor.elementor-drop-cap-view-stacked .elementor-drop-cap{background-color:#69727d;color:#fff}.elementor-widget-text-editor.elementor-drop-cap-view-framed .elementor-drop-cap{color:#69727d;border:3px solid;background-color:transparent}.elementor-widget-text-editor:not(.elementor-drop-cap-view-default) .elementor-drop-cap{margin-top:8px}.elementor-widget-text-editor:not(.elementor-drop-cap-view-default) .elementor-drop-cap-letter{width:1em;height:1em}.elementor-widget-text-editor .elementor-drop-cap{float:left;text-align:center;line-height:1;font-size:50px}.elementor-widget-text-editor .elementor-drop-cap-letter{display:inline-block}<\/style>\t\t\t\t<p><strong>Werden ehrenamtlichen BetreuerInnen Kosten erstattet?<\/strong><br \/>Jede\/r BetreuerIn, die\/der eine Betreuung ehrenamtlich f\u00fchrt, hat Anspruch auf Aufwendungsersatz. Auch BetreuerInnen, die innerhalb ihrer Familie eine Betreuung f\u00fchren, k\u00f6nnen Aufwendungsersatz verlangen. Sogenannte BerufsbetreuerInnen haben einen Verg\u00fctungsanspruch.<\/p><p><strong>F\u00fcr was wird Aufwendungsersatz gezahlt?<\/strong><br \/>Bei der F\u00fchrung der Betreuung entstehen der\/dem BetreuerIn Kosten f\u00fcr die Fahrt zur\/zum Betreuten, f\u00fcr Porto, Telefon, Kopien und beispielsweise Parkgeb\u00fchren. Diese Aufwendungen werden der\/dem BetreuerIn ersetzt. Kleinere Geschenke f\u00fcr die\/den Betreuten geh\u00f6ren hingegen nicht zu den erstattungsf\u00e4higen Aufwendungen.<\/p><p><strong>Wie hoch ist der Aufwendungsersatz?<\/strong><br \/>Die H\u00f6he ist davon abh\u00e4ngig, ob die\/der BetreuerIn den Pauschalbetrag geltend macht oder die tats\u00e4chlich entstandenen Aufwendungen. Die j\u00e4hrliche Aufwendungspauschale kann grunds\u00e4tzlich jede\/r ehrenamtliche BetreuerIn geltend machen. Ein Nachweis \u00fcber die tats\u00e4chlichen Aufwendungen ist dann \u00fcberfl\u00fcssig. Seit 1.1.2023 betr\u00e4gt die Aufwendungspauschale 425,- Euro\/Jahr. Fallen h\u00f6here Aufwendungen an, so k\u00f6nnen auch diese geltend gemacht werden, allerdings m\u00fcssen diese anhand einer Einzelaufstellung nachgewiesen werden.<\/p><p><strong>Wie wird der Aufwendungsersatz geltend gemacht?<\/strong><br \/>Die\/der BetreuerIn muss erstmals nach einem Betreuungsjahr einen formlosen Leitet Herunterladen der Datei ein \u2193<strong><span style=\"text-decoration: underline;\">Antrag<\/span><\/strong> bei der\/dem zust\u00e4ndigen RechtspflegerIn stellen. Er kann l\u00e4ngstens bis zum 31.6. des darauffolgenden Jahres, in dem der Anspruch entsteht, gestellt werden. Wird der Antrag sp\u00e4ter gestellt, erlischt der Anspruch.<\/p><p>In den Folgejahren gilt die Einreichung des Jahresberichtes jeweils als Antrag.<\/p><p><strong>Unser Tipp:<\/strong> Den Antrag direkt nach Ablauf des Betreuungsjahres stellen. So ger\u00e4t er nicht in Vergessenheit! Vordrucke k\u00f6nnen im Downloadbereich, telefonisch oder unter <a href=\"https:\/\/jjk.merioscloud.de\/index.php\/contact\/\"><span style=\"text-decoration: underline;\"><strong>betreuungsverein@skfm-nk.de<\/strong><\/span><\/a>, angefordert werden. F\u00fcr Mitglieder des SKFM ist dieser Service kostenlos.<\/p><p><strong>Wer bezahlt?<\/strong><br \/>Die Kosten f\u00fcr die\/den BetreuerIn, ob diese\/r ehrenamtlich oder als Vereins- bzw. BerufsbetreuerIn t\u00e4tig ist, tr\u00e4gt die\/der Betroffene selbst. Ist diese\/r jedoch mittellos, so werden die Kosten von der Justizkasse \u00fcbernommen.<\/p><p><strong>Was hei\u00dft Mittellosigkeit?<\/strong><br \/>Die Mittellosigkeit spielt im Betreuungsrecht eine Rolle, wenn es um die Frage geht, ob ein\/e Betreute\/r die Betreuungsverg\u00fctung oder den Aufwendungsersatz aus seinem eigenen Einkommen oder Verm\u00f6gen zu zahlen hat. Grunds\u00e4tzlich hat die betreute Person ihr Einkommen und Verm\u00f6gen bis zur Grenze des Schonverm\u00f6gens einzusetzen.<\/p>\t\t\t\t\t\t<\/div>\n\t\t\t\t<\/div>\n\t\t\t\t\t<\/div>\n\t\t\t\t<\/div>\n\t\t\t\t\t\t\t<\/div>\n\t\t","protected":false},"excerpt":{"rendered":"<p>Aufwendungs&shy;ersatz Werden ehrenamtlichen BetreuerInnen Kosten erstattet?Jede\/r BetreuerIn, die\/der eine Betreuung ehrenamtlich f\u00fchrt, hat Anspruch auf Aufwendungsersatz. Auch BetreuerInnen, die innerhalb ihrer Familie eine Betreuung f\u00fchren, k\u00f6nnen Aufwendungsersatz verlangen. Sogenannte BerufsbetreuerInnen [&hellip;]<\/p>\n","protected":false},"author":1,"featured_media":0,"parent":0,"menu_order":0,"comment_status":"closed","ping_status":"closed","template":"","meta":{"footnotes":""},"class_list":["post-596","page","type-page","status-publish","hentry"],"_links":{"self":[{"href":"https:\/\/jjk.merioscloud.de\/index.php\/wp-json\/wp\/v2\/pages\/596","targetHints":{"allow":["GET"]}}],"collection":[{"href":"https:\/\/jjk.merioscloud.de\/index.php\/wp-json\/wp\/v2\/pages"}],"about":[{"href":"https:\/\/jjk.merioscloud.de\/index.php\/wp-json\/wp\/v2\/types\/page"}],"author":[{"embeddable":true,"href":"https:\/\/jjk.merioscloud.de\/index.php\/wp-json\/wp\/v2\/users\/1"}],"replies":[{"embeddable":true,"href":"https:\/\/jjk.merioscloud.de\/index.php\/wp-json\/wp\/v2\/comments?post=596"}],"version-history":[{"count":28,"href":"https:\/\/jjk.merioscloud.de\/index.php\/wp-json\/wp\/v2\/pages\/596\/revisions"}],"predecessor-version":[{"id":3115,"href":"https:\/\/jjk.merioscloud.de\/index.php\/wp-json\/wp\/v2\/pages\/596\/revisions\/3115"}],"wp:attachment":[{"href":"https:\/\/jjk.merioscloud.de\/index.php\/wp-json\/wp\/v2\/media?parent=596"}],"curies":[{"name":"wp","href":"https:\/\/api.w.org\/{rel}","templated":true}]}}