{"id":1460,"date":"2023-12-04T17:32:17","date_gmt":"2023-12-04T17:32:17","guid":{"rendered":"https:\/\/jjk.merioscloud.de\/?page_id=1460"},"modified":"2023-12-20T17:53:58","modified_gmt":"2023-12-20T17:53:58","slug":"impressum-2","status":"publish","type":"page","link":"https:\/\/jjk.merioscloud.de\/index.php\/impressum-2\/","title":{"rendered":"Impressum"},"content":{"rendered":"\t\t<div data-elementor-type=\"wp-page\" data-elementor-id=\"1460\" class=\"elementor elementor-1460\">\n\t\t\t\t\t\t\t<div class=\"elementor-element elementor-element-50cd5ec7 e-flex e-con-boxed e-con e-child\" data-id=\"50cd5ec7\" data-element_type=\"container\" data-settings=\"{&quot;container_type&quot;:&quot;flex&quot;,&quot;content_width&quot;:&quot;boxed&quot;}\">\n\t\t\t\t\t<div class=\"e-con-inner\">\n\t\t\t\t<div class=\"elementor-element elementor-element-50bdc3e1 elementor-widget__width-inherit elementor-widget-divider--view-line elementor-invisible elementor-widget elementor-widget-divider\" data-id=\"50bdc3e1\" data-element_type=\"widget\" data-settings=\"{&quot;_animation&quot;:&quot;fadeInLeft&quot;}\" data-widget_type=\"divider.default\">\n\t\t\t\t<div class=\"elementor-widget-container\">\n\t\t\t<style>\/*! elementor - v3.16.0 - 09-10-2023 *\/\n.elementor-widget-divider{--divider-border-style:none;--divider-border-width:1px;--divider-color:#0c0d0e;--divider-icon-size:20px;--divider-element-spacing:10px;--divider-pattern-height:24px;--divider-pattern-size:20px;--divider-pattern-url:none;--divider-pattern-repeat:repeat-x}.elementor-widget-divider .elementor-divider{display:flex}.elementor-widget-divider .elementor-divider__text{font-size:15px;line-height:1;max-width:95%}.elementor-widget-divider .elementor-divider__element{margin:0 var(--divider-element-spacing);flex-shrink:0}.elementor-widget-divider .elementor-icon{font-size:var(--divider-icon-size)}.elementor-widget-divider .elementor-divider-separator{display:flex;margin:0;direction:ltr}.elementor-widget-divider--view-line_icon .elementor-divider-separator,.elementor-widget-divider--view-line_text .elementor-divider-separator{align-items:center}.elementor-widget-divider--view-line_icon .elementor-divider-separator:after,.elementor-widget-divider--view-line_icon .elementor-divider-separator:before,.elementor-widget-divider--view-line_text .elementor-divider-separator:after,.elementor-widget-divider--view-line_text .elementor-divider-separator:before{display:block;content:\"\";border-bottom:0;flex-grow:1;border-top:var(--divider-border-width) var(--divider-border-style) var(--divider-color)}.elementor-widget-divider--element-align-left .elementor-divider .elementor-divider-separator>.elementor-divider__svg:first-of-type{flex-grow:0;flex-shrink:100}.elementor-widget-divider--element-align-left .elementor-divider-separator:before{content:none}.elementor-widget-divider--element-align-left .elementor-divider__element{margin-left:0}.elementor-widget-divider--element-align-right .elementor-divider .elementor-divider-separator>.elementor-divider__svg:last-of-type{flex-grow:0;flex-shrink:100}.elementor-widget-divider--element-align-right .elementor-divider-separator:after{content:none}.elementor-widget-divider--element-align-right .elementor-divider__element{margin-right:0}.elementor-widget-divider:not(.elementor-widget-divider--view-line_text):not(.elementor-widget-divider--view-line_icon) .elementor-divider-separator{border-top:var(--divider-border-width) var(--divider-border-style) var(--divider-color)}.elementor-widget-divider--separator-type-pattern{--divider-border-style:none}.elementor-widget-divider--separator-type-pattern.elementor-widget-divider--view-line .elementor-divider-separator,.elementor-widget-divider--separator-type-pattern:not(.elementor-widget-divider--view-line) .elementor-divider-separator:after,.elementor-widget-divider--separator-type-pattern:not(.elementor-widget-divider--view-line) .elementor-divider-separator:before,.elementor-widget-divider--separator-type-pattern:not([class*=elementor-widget-divider--view]) .elementor-divider-separator{width:100%;min-height:var(--divider-pattern-height);-webkit-mask-size:var(--divider-pattern-size) 100%;mask-size:var(--divider-pattern-size) 100%;-webkit-mask-repeat:var(--divider-pattern-repeat);mask-repeat:var(--divider-pattern-repeat);background-color:var(--divider-color);-webkit-mask-image:var(--divider-pattern-url);mask-image:var(--divider-pattern-url)}.elementor-widget-divider--no-spacing{--divider-pattern-size:auto}.elementor-widget-divider--bg-round{--divider-pattern-repeat:round}.rtl .elementor-widget-divider .elementor-divider__text{direction:rtl}.e-con-inner>.elementor-widget-divider,.e-con>.elementor-widget-divider{width:var(--container-widget-width,100%);--flex-grow:var(--container-widget-flex-grow)}<\/style>\t\t<div class=\"elementor-divider\">\n\t\t\t<span class=\"elementor-divider-separator\">\n\t\t\t\t\t\t<\/span>\n\t\t<\/div>\n\t\t\t\t<\/div>\n\t\t\t\t<\/div>\n\t\t\t\t<div class=\"elementor-element elementor-element-6e5a137b elementor-widget__width-initial elementor-widget-tablet__width-inherit elementor-widget elementor-widget-heading\" data-id=\"6e5a137b\" data-element_type=\"widget\" data-widget_type=\"heading.default\">\n\t\t\t\t<div class=\"elementor-widget-container\">\n\t\t\t<style>\/*! elementor - v3.16.0 - 09-10-2023 *\/\n.elementor-heading-title{padding:0;margin:0;line-height:1}.elementor-widget-heading .elementor-heading-title[class*=elementor-size-]>a{color:inherit;font-size:inherit;line-height:inherit}.elementor-widget-heading .elementor-heading-title.elementor-size-small{font-size:15px}.elementor-widget-heading .elementor-heading-title.elementor-size-medium{font-size:19px}.elementor-widget-heading .elementor-heading-title.elementor-size-large{font-size:29px}.elementor-widget-heading .elementor-heading-title.elementor-size-xl{font-size:39px}.elementor-widget-heading .elementor-heading-title.elementor-size-xxl{font-size:59px}<\/style><h2 class=\"elementor-heading-title elementor-size-default\">Impressum<\/h2>\t\t<\/div>\n\t\t\t\t<\/div>\n\t\t\t\t<div class=\"elementor-element elementor-element-4835ffbf elementor-widget__width-initial elementor-widget-tablet__width-inherit elementor-widget elementor-widget-text-editor\" data-id=\"4835ffbf\" data-element_type=\"widget\" data-widget_type=\"text-editor.default\">\n\t\t\t\t<div class=\"elementor-widget-container\">\n\t\t\t<style>\/*! elementor - v3.16.0 - 09-10-2023 *\/\n.elementor-widget-text-editor.elementor-drop-cap-view-stacked .elementor-drop-cap{background-color:#69727d;color:#fff}.elementor-widget-text-editor.elementor-drop-cap-view-framed .elementor-drop-cap{color:#69727d;border:3px solid;background-color:transparent}.elementor-widget-text-editor:not(.elementor-drop-cap-view-default) .elementor-drop-cap{margin-top:8px}.elementor-widget-text-editor:not(.elementor-drop-cap-view-default) .elementor-drop-cap-letter{width:1em;height:1em}.elementor-widget-text-editor .elementor-drop-cap{float:left;text-align:center;line-height:1;font-size:50px}.elementor-widget-text-editor .elementor-drop-cap-letter{display:inline-block}<\/style>\t\t\t\t<p><strong>Herausgeber:<\/strong><\/p><p>Sozialdienst Katholischer Frauen und M\u00e4nner<\/p><p>f\u00fcr den Landkreis Neunkirchen e.V.<\/p><p>Inhaltliche Verantwortung gem. \u00a7 6 MDStV:<\/p><p>Martin Eisenbeis, Gesch\u00e4ftsf\u00fchrer<\/p><p>Dr. Matthias Beck, 1. Vorsitzender<\/p><p><strong>Anschrift:<\/strong><\/p><p>H\u00fcttenbergstr. 42<\/p><p>66538 Neunkirchen<\/p><p>Tel.: 06821-13940<\/p><p>Fax.: 06821-913804<\/p><p>Mail: betreuungsverein@skfm-nk.de<\/p><p>Registergericht: Amtsgericht Neunkirchen<br \/>Registernummer: VR 543<\/p><p>\u00a0<\/p><p><strong>Webhosting: <\/strong><\/p><p>Merios IT<\/p><p>\u00a0<\/p><p><strong>WebDesign:<\/strong><\/p><p><a href=\"https:\/\/www.xn--jjk-bro-r2a.de\/\" target=\"_blank\" rel=\"noopener\"><span style=\"text-decoration: underline;\">Janzen Werbung | B\u00fcro f\u00fcr Kommunikation<\/span><\/a><\/p><p>\u00a0<\/p><p><strong>Bildrechte:<\/strong><\/p><p>fotolia.de<\/p><p>Pixabay, <a class=\"userName--owby3\" href=\"https:\/\/pixabay.com\/de\/users\/sabinevanerp-2145163\/\" target=\"_blank\" rel=\"noopener\">sabinevanerp, H\u00e4nde<\/a><\/p><p><a class=\"userName--owby3\" href=\"https:\/\/pixabay.com\/de\/users\/2541163-2541163\/\" target=\"_blank\" rel=\"noopener\">Pixabay, 2541163,\u00a0 Richterhammer<\/a><\/p><p><a href=\"https:\/\/www.xn--jjk-bro-r2a.de\/fotografie\/\" target=\"_blank\" rel=\"noopener\">Peter Janzen,\u00a0 Portraits Mitarbeiter<\/a><\/p><p>\u00a0<\/p><p><strong>Rechtshinweis:<\/strong><br \/>Der Sozialdienst Katholischer Frauen und M\u00e4nner f\u00fcr den Landkreis Neunkirchen e.V. pr\u00fcft und aktualisiert die Informationen auf dieser Web-Site st\u00e4ndig. Trotz aller Sorgfalt k\u00f6nnen sich die Daten inzwischen ver\u00e4ndert haben. Eine Haftung oder Garantie f\u00fcr die Aktualit\u00e4t, Richtigkeit und Vollst\u00e4ndigkeit der zur Verf\u00fcgung gestellten Informationen kann daher nicht \u00fcbernommen werden.<br \/>Gleiches gilt auch f\u00fcr alle anderen Web-Sites, auf die mittels Hyperlink verwiesen wird. Der Sozialdienst Katholischer Frauen und M\u00e4nner f\u00fcr den Landkreis Neunkirchen e.V. ist f\u00fcr den Inhalt der Web-Sites, die aufgrund einer solchen Verbindung erreicht werden, nicht verantwortlich.<br \/>Die ver\u00f6ffentlichten Artikel, Daten und Prognosen sind mit gr\u00f6\u00dfter Sorgfalt recherchiert. Dennoch kann weder der Sozialdienst Katholischer Frauen und M\u00e4nner f\u00fcr den Landkreis Neunkirchen e.V., deren Lieferanten oder Quellen f\u00fcr die Richtigkeit eine Gew\u00e4hr \u00fcbernehmen.<br \/>Gesch\u00fctzte Handelsnamen, Warenzeichen usw. werden als solche nicht kenntlich gemacht und ohne Gew\u00e4hrung einer freien Verwendung benutzt.<br \/>Desweiteren beh\u00e4lt sich der Sozialdienst Katholischer Frauen und M\u00e4nner f\u00fcr den Landkreis Neunkirchen e.V. das Recht vor, \u00c4nderungen oder Erg\u00e4nzungen der bereitgestellten Informationen vorzunehmen.<br \/>Inhalt und Struktur der Web-Site www.skfm-nk.de und www.skm-nk.de sind urheberrechtlich gesch\u00fctzt. Die Vervielf\u00e4ltigung von Informationen oder Daten, insbesondere die Verwendung von Texten, Textteilen oder Bildmaterial bedarf der vorherigen Zustimmung.<\/p>\t\t\t\t\t\t<\/div>\n\t\t\t\t<\/div>\n\t\t\t\t\t<\/div>\n\t\t\t\t<\/div>\n\t\t\t\t\t\t\t<\/div>\n\t\t","protected":false},"excerpt":{"rendered":"<p>Impressum Herausgeber: Sozialdienst Katholischer Frauen und M\u00e4nner f\u00fcr den Landkreis Neunkirchen e.V. Inhaltliche Verantwortung gem. \u00a7 6 MDStV: Martin Eisenbeis, Gesch\u00e4ftsf\u00fchrer Dr. Matthias Beck, 1. Vorsitzender Anschrift: H\u00fcttenbergstr. 42 66538 [&hellip;]<\/p>\n","protected":false},"author":1,"featured_media":0,"parent":0,"menu_order":0,"comment_status":"closed","ping_status":"closed","template":"","meta":{"footnotes":""},"class_list":["post-1460","page","type-page","status-publish","hentry"],"_links":{"self":[{"href":"https:\/\/jjk.merioscloud.de\/index.php\/wp-json\/wp\/v2\/pages\/1460","targetHints":{"allow":["GET"]}}],"collection":[{"href":"https:\/\/jjk.merioscloud.de\/index.php\/wp-json\/wp\/v2\/pages"}],"about":[{"href":"https:\/\/jjk.merioscloud.de\/index.php\/wp-json\/wp\/v2\/types\/page"}],"author":[{"embeddable":true,"href":"https:\/\/jjk.merioscloud.de\/index.php\/wp-json\/wp\/v2\/users\/1"}],"replies":[{"embeddable":true,"href":"https:\/\/jjk.merioscloud.de\/index.php\/wp-json\/wp\/v2\/comments?post=1460"}],"version-history":[{"count":25,"href":"https:\/\/jjk.merioscloud.de\/index.php\/wp-json\/wp\/v2\/pages\/1460\/revisions"}],"predecessor-version":[{"id":2841,"href":"https:\/\/jjk.merioscloud.de\/index.php\/wp-json\/wp\/v2\/pages\/1460\/revisions\/2841"}],"wp:attachment":[{"href":"https:\/\/jjk.merioscloud.de\/index.php\/wp-json\/wp\/v2\/media?parent=1460"}],"curies":[{"name":"wp","href":"https:\/\/api.w.org\/{rel}","templated":true}]}}